 q(l) = 2*l + 4. What is q(u)?
-2
Let l = -6 + 10. Let r(i) be the second derivative of i**5/20 - 5*i**4/12 + 5*i**3/6 + 3*i**2/2 - i. Calculate r(l).
7
Suppose -2*h = -4*h + 10. Suppose -2*r - 4*u - 9 = -1, -h*r = 4*u + 26. Let p(k) = k**3 + 7*k**2 + 6*k - 5. Calculate p(r).
-5
Let x(d) = d + 4. Suppose 0 = 4*v - 9 - 7. Suppose 5*z = 3*m - 42, 0*m - v = 2*z + 2*m. What is x(z)?
-2
Let b(o) = 11*o - 5. Let k(j) = -10*j + 4. Let s(w) = -4*b(w) - 5*k(w). What is s(1)?
6
Let q(b) = -5*b + b**2 + 5*b + 2*b - 4. What is q(-4)?
4
Let m(i) be the second derivative of i**4/24 - i**3 - i**2/2 - i. Let s(r) be the first derivative of m(r). Suppose 2*n + 44 = 13*n. Calculate s(n).
-2
Let p(o) = 2*o**3 + 3*o**2 + o + 1. Let b be (-7)/2 + 45/30. What is p(b)?
-5
Let w(v) = v**2 - 9*v - 5. Let c = -33 + 43. Give w(c).
5
Suppose -3*i - 6 + 18 = 0. Suppose i*m = 5*r - 41 - 3, 4*r = 4*m + 36. Suppose 3*w = r + 4. Let t(p) = -p**3 + 3*p**2 + p + 4. What is t(w)?
-8
Let w(d) be the first derivative of -d**4/12 - 2*d**3/3 + d**2/2 - d + 4. Let y(o) be the first derivative of w(o). Let i be 1 + (-6)/(0 - -1). What is y(i)?
-4
Let m be -6 + 8 + -4 - 1. Let g(t) be the second derivative of t**5/20 + t**4/3 + 2*t**3/3 + 2*t**2 - t. What is g(m)?
1
Let k(x) = 6*x**3 - 2*x - 1. Let t be k(-1). Let s = t + 13. Let y be (s/(-6) - -2)*6. Let d(b) = -2*b + 4. Give d(y).
-4
Let l(z) = 5*z - 15. Let v be l(3). Let g(r) = 4 - 4 + r. Determine g(v).
0
Let h(m) = m**3 + 7*m**2 - 2*m - 10. Let i be h(-7). Let z(p) = 9 - 6*p - 3*p + p + p. Let d(y) = 8*y - 10. Let c(w) = 5*d(w) + 6*z(w). Determine c(i).
-4
Let p(x) = -x**2 + 8. Let q be p(0). Let b(s) = -s**2 + 7*s + 7. Give b(q).
-1
Let l(v) = -4*v**3 + v**2 + 2*v + 2. Let k be (0 - (-3 - 0))/((-36)/24). Determine l(k).
34
Let w(s) = -s**3 - 2*s**2 + 4*s + 1. Let c(h) = h**3 - 4*h**2 - 3*h + 6. Let j be c(4). Suppose 2 = d - 1. Let u = d + j. What is w(u)?
-2
Suppose -2*i = 3*m - 23, 2*m + m - i = 11. Let w(y) = 5*y - m*y**2 - y**3 - 4*y**2 + 6*y**2 + 3. Calculate w(-4).
-1
Suppose -8*j + 7*j + 4 = 0. Let f(d) = d**2 - 6*d + 5. What is f(j)?
-3
Let n(g) = g**2 + 9*g - 5. Suppose -4*l - 11 - 25 = 0. Calculate n(l).
-5
Let a = -4 - -6. Suppose 0 = -0*g - 4*g + 8. Let l(f) = -3*f**2 - f - f**3 - 2*f + a*f + g. Calculate l(-3).
5
Let v(n) be the second derivative of -11*n**3/6 - 4*n. What is v(-1)?
11
Let u(k) = -k**3 + k**2 - 1. Let v(m) = 15*m**3 - 3*m**2 + m + 5. Let h be (-21)/(-3) + (-3 - 0). Let o(s) = h*u(s) + v(s). What is o(-1)?
-10
Let z(r) be the first derivative of -7*r**3/3 - r**2 + r + 1. Let u be (4 - 16)/(-4) - 2. Determine z(u).
-8
Suppose -5*s - 3*o + 20 = 0, -5*o - 5 = -6*o. Let l(h) = s - 6*h - 4 + 2 + 3*h. Suppose f = -0 - 1. Calculate l(f).
2
Let b(y) be the second derivative of -y**5/20 + y**4/6 - y**3/6 - y**2 - 4*y. Let s be (8/(-3))/(3/(-9)). Let h = s + -6. What is b(h)?
-4
Let b(s) = -5 - s - 1 - 1. Let y(c) be the second derivative of c**4/12 + 3*c**3/2 - 5*c**2 - 6*c. Let a be y(-10). Calculate b(a).
-7
Let s(a) = 9*a**2 - 3*a + 2. Suppose -5*n - o - 14 = -2*o, -2*n + 5*o - 1 = 0. Let c(i) = 19*i**2 - 7*i + 5. Let w(p) = n*c(p) + 7*s(p). Determine w(1).
5
Let b(s) = -s**3 - 8*s**2 - 6*s. Let r(i) = -3*i**3 - 25*i**2 - 19*i - 1. Let y(n) = -7*b(n) + 2*r(n). Let h be (-4 + 1 + -2)/1. What is y(h)?
3
Let c(d) = -d**2 - 3. Suppose 0 = -3*l + 4*l. What is c(l)?
-3
Let c = 17 - 9. Suppose -2*a = 2*a - c. Let v(z) = -z**2 + z - 1. Give v(a).
-3
Suppose m - 4 = -3*m. Let y(q) = m + 3*q + q - 5*q. Let d = -8 - -5. Give y(d).
4
Suppose q - 20 = 6*q. Let w be q/(-18) + 2/(-9). Let z(d) = -d + 7. Calculate z(w).
7
Let j(i) be the second derivative of i**3/3 - 3*i**2/2 - i. Suppose -2*q - 3 = 3. Determine j(q).
-9
Let u(i) = i**2 - 7*i + 6. Suppose -2*g + 6*g = 16. Suppose -b = -g*b. Suppose b*q - q = -5. Give u(q).
-4
Let v(l) = -l - 7. Suppose 21 = -3*s - 6. Calculate v(s).
2
Let q be (-1)/(0 + 1) + 1. Suppose 2*i + 2 + 8 = q. Let w(c) = c**2 + 6*c + 2. What is w(i)?
-3
Let z(s) = 6*s - 13*s + 3*s + 5*s + 3. Calculate z(-6).
-3
Let b(r) be the third derivative of r**6/120 - r**5/10 + r**4/8 + 2*r**3/3 - 6*r**2. Give b(5).
-6
Let d(m) be the third derivative of -m**5/60 - m**4/3 - m**3/2 + 11*m**2. Give d(-6).
9
Let c(z) be the first derivative of z**4/12 - z**3/2 - 3*z**2/2 - 1. Let l(s) be the second derivative of c(s). Determine l(4).
5
Let j = -181 + 186. Let r(d) = 0*d - 5*d + 5 + 4*d. Determine r(j).
0
Let p(k) be the second derivative of 2/3*k**3 - k**2 - 5*k + 1/12*k**4 + 0. Calculate p(-4).
-2
Let d = 8 + -4. Let n be (-3)/d*8/2. Let v(i) be the first derivative of i**4/4 + i**3 + i**2/2 - 3*i - 2. Calculate v(n).
-6
Let v(a) be the first derivative of a**3/3 - a**2/2 + 3*a - 1. Let r = -30 + 30. Determine v(r).
3
Let g(n) = n**2 + 3*n - 2. Let r(k) = 2*k**2 - 6*k - 8. Let m(f) = -f - 1. Let z(w) = -5*m(w) + r(w). Let a be z(2). Give g(a).
16
Let p(q) be the third derivative of q**5/60 - q**4/6 - q**3 + 9*q**2. Give p(6).
6
Let k(m) = -11*m**3 + 27*m**2 - 2*m - 2. Let h(c) = 5*c**3 - 13*c**2 + c + 1. Let o(a) = -13*h(a) - 6*k(a). Let p be (-189)/(-18)*2/(-3). What is o(p)?
6
Let x(r) = r**3 - 8*r**2 + r - 2. Suppose 2*k = 5*s - 10*s + 48, -3*k = -5*s + 28. Calculate x(s).
6
Let z = 3 - 2. Let d(h) be the second derivative of -h**5/2 + h**4/12 + h**3/6 - h**2/2 + 17*h. Calculate d(z).
-9
Let l = -76 + 79. Let t(w) = w**3 - 5*w**2 + 3*w - 1. Determine t(l).
-10
Let r(q) = 12*q**3 + 8 - 5*q - 4*q**3 + 5*q**2 - 7*q**3. What is r(-6)?
2
Let p = -48 - -52. Let g(q) = 5*q**3 - 2*q**2 + 4*q + 3. Let b(o) = -3 - 4*o**3 + 15*o**2 - o - 2*o - 14*o**2. Let l(m) = -6*b(m) - 5*g(m). Calculate l(p).
-5
Let l(v) = v + 10. Suppose -3*q + 2*q = 0. Let s = -6 + q. Determine l(s).
4
Let v(r) = -29*r**3 - 8*r**2 - 5. Let k(p) = -28*p**3 - 7*p**2 - 4. Let c(u) = 6*k(u) - 5*v(u). What is c(1)?
-24
Let y(f) be the second derivative of f**5/20 - f**3/6 + 7*f. Calculate y(2).
6
Suppose 4*d - d - 6 = 0. Let p(h) be the first derivative of 0*h + d + 1/2*h**2. Give p(-5).
-5
Let w(g) be the first derivative of g**3/6 + g**2 + 2*g + 1. Let q(j) be the first derivative of w(j). Determine q(3).
5
Let v(l) = -l**3 - 2*l**2 + l - 3. Let i be (1 + 7)/(-4) + 3. Let s = i + -4. Determine v(s).
3
Suppose -3*k = -15, 5*j = 3*k + 6 + 4. Suppose -j*w - 4 - 6 = 0. Let f(z) = -5*z - 8. Let g(v) = -1. Let b(h) = f(h) - 5*g(h). Calculate b(w).
7
Let i(u) be the third derivative of -u**4/12 + u**3/3 + 6*u**2. Calculate i(4).
-6
Let o(x) = 41*x**2 - 3*x + 17. Let g(w) = -14*w**2 + w - 6. Let d(r) = -17*g(r) - 6*o(r). What is d(-1)?
-9
Let i(r) = -r**2 + 5*r - 2. Let b(j) = -j + 4. Let u be b(-2). What is i(u)?
-8
Let p(u) = 3*u + 4*u**2 - 6 - u**3 + 4*u**3 - 4*u**3. Let l = -9 + 4. Let a = l + 9. Calculate p(a).
6
Let y(o) = -o + 6. Let g(n) = -n**2 + 9*n + 10. Let s be g(7). Suppose 0 = 3*h - 7*h + s. What is y(h)?
0
Let h(n) = 2*n + 4. Suppose -61*p - 20 = -57*p. What is h(p)?
-6
Let i(b) = b**2 - 5*b + 5. Let n be (-20)/6*36/(-30). Suppose 0*m = -n*m + 20. Calculate i(m).
5
Let d(p) = -5*p**2 + 3*p + 9. Let y(k) = 5*k**2 - 2*k - 7. Let f(z) = 5*d(z) + 6*y(z). What is f(-2)?
17
Let t(f) be the second derivative of 0 - 2*f + 2*f**2 - 1/3*f**3. Let u(s) = 2*s + 1. Let g be u(1). Determine t(g).
-2
Let w(c) = -c**2 - c + 5. Suppose 2*j + 36 = -3*d, -2*j = -3*d - d + 36. Let f be (j/8)/((-3)/8). Suppose f - 22 = 4*p. Give w(p).
-7
Let r(p) = p**2 + 15*p - 16. Let f be r(-16). Suppose f = -9*v + 7*v - 8. Let z(c) be the third derivative of -c**4/24 + c**2. What is z(v)?
4
Let d(l) = -l**2 + 6*l - 6. Suppose 9*f - 30 = 4*f. Give d(f).
-6
Let s be -4 - (-8)/(-32) - 2/(-8). Let a(y) be the first derivative of 1 + 4/3*y**3 - 5*y - y**2 + 1/4*y**4. Calculate a(s).
3
Let a(x) = 2*x + 1. Let s be a(2). Let w = s + -2. Suppose 0 = -w*k + k. Let v(u) = -u + 8. What is v(k)?
8
Let y(j) = -4*j + 5. Let o = 59 + -63. Determine y(o).
21
Suppose 10*f - 20 = 5*f. Suppose 0 = k + 5*j - 5, -2*j - 9 + f = -k. Let s(u) = -u**3 + 6*u**2 - 5*u - 5. Determine s(k).
-5
Let k be 8/3 - 3/((-45)/(-10)). Let w(h) = -4*h + 1. Give w(k).
-7
Let r(q) = q - 4 + 0*q - 3. Let s = -7 - -10. Calculate r(s).
-4
Let z(w) = w**3 - 5*w**2 - w + 2. Let a be (-2)/(-3) + (-87)/9. Let g(k) = 